{"id":6,"date":"2020-11-02T23:55:29","date_gmt":"2020-11-03T02:55:29","guid":{"rendered":"http:\/\/guimaraesemeireles.com.br\/2020\/?page_id=6"},"modified":"2021-11-19T13:24:57","modified_gmt":"2021-11-19T16:24:57","slug":"o-escritorio","status":"publish","type":"page","link":"http:\/\/guimaraesemeireles.com.br\/2020\/o-escritorio\/","title":{"rendered":"O ESCRIT\u00d3RIO"},"content":{"rendered":"<p>[vc_row css=&#8221;.vc_custom_1605813821526{padding-bottom: 35px !important;}&#8221;][vc_column css=&#8221;.vc_custom_1605813844502{padding-top: 40px !important;}&#8221;][vc_column_text]<\/p>\n<h1 style=\"text-align: center;\">O ESCRIT\u00d3RIO<\/h1>\n<p>[\/vc_column_text][\/vc_column][\/vc_row][vc_row css=&#8221;.vc_custom_1605812062823{padding-bottom: 35px !important;background-color: #e6e7e8 !important;}&#8221;][vc_column css=&#8221;.vc_custom_1605811343742{background-color: #e6e7e8 !important;}&#8221;][vc_gallery interval=&#8221;3&#8243; images=&#8221;294,295,296,297&#8243; img_size=&#8221;929&#215;300&#8243; onclick=&#8221;&#8221;][vc_column_text css=&#8221;.vc_custom_1637339090996{padding-right: 30px !important;padding-left: 30px !important;}&#8221;]<\/p>\n<h3>Conduta \u00c9tica \u2022 Lealdade \u2022 Responsabilidade \u2022 Confidencialidade \u2022 Transpar\u00eancia<\/h3>\n<p>\u00c9tica, Lealdade, Confidencialidade e Responsabilidade s\u00e3o princ\u00edpios que, entre outros, norteiam a rela\u00e7\u00e3o que o escrit\u00f3rio mant\u00e9m com seus Clientes e Parceiros.<\/p>\n<p>O perfil de sua carteira de Clientes e o longo tempo de rela\u00e7\u00e3o profissional com o Escrit\u00f3rio demonstra que o tratamento personalizado e diferenciado dado a cada um tem sido um tra\u00e7o que j\u00e1 faz parte da sua marca.<\/p>\n<p>Com uma equipe que acredita no que faz, seu prop\u00f3sito \u00e9 prestar servi\u00e7os jur\u00eddicos de excel\u00eancia, conhecendo a hist\u00f3ria do Cliente e apresentando solu\u00e7\u00f5es alternativas, formas de contrata\u00e7\u00f5es e apontando caminhos a serem seguidos. Para isto, o Escrit\u00f3rio conta com profissionais especializados em diversas \u00e1reas jur\u00eddicas.<\/p>\n<h3><strong>Atendimento Presencial e Remoto <\/strong><\/h3>\n<p>Nosso Escrit\u00f3rio est\u00e1 preparado para atender os Clientes de forma presencial ou remota por meio de plataformas virtuais: o que melhor se adequar \u00e0s suas necessidades. Possibilitamos, assim, atendimentos personalizados, mais r\u00e1pidos e din\u00e2micos.<\/p>\n<h3>Controles Internos &#8211; Equipe de Controladoria e Coordena\u00e7\u00e3o Jur\u00eddica<\/h3>\n<p>O nosso Escrit\u00f3rio mant\u00e9m uma equipe de Controladoria que permite dar seguran\u00e7a para todos os procedimentos internos institu\u00eddos e para os Clientes.<\/p>\n<p>A Coordena\u00e7\u00e3o da Controladoria e a Coordena\u00e7\u00e3o Jur\u00eddica incumbem a advogados s\u00f3cios e com experi\u00eancia e forma\u00e7\u00e3o necess\u00e1rias para isto.<\/p>\n<p>Juntos essas equipes s\u00e3o respons\u00e1veis por diversos n\u00edveis de controle, garantindo:<\/p>\n<p>&#8211; Gest\u00e3o das Rotinas Internas pelo Coordenador de Controladoria<\/p>\n<p>&#8211; Gest\u00e3o do Fluxo de Prazos pelos Coordenadores Jur\u00eddicos<\/p>\n<p>&#8211; Revis\u00e3o das Demandas Estrat\u00e9gicas pelos Coordenadores Jur\u00eddicos<\/p>\n<h3><strong>Publica\u00e7\u00f5es Jur\u00eddicas <\/strong><\/h3>\n<p>Como meio de fornecer informa\u00e7\u00f5es de utilidade sobre publica\u00e7\u00f5es de normas, entendimentos jurisprudenciais e da doutrina, o nosso Escrit\u00f3rio tem uma equipe que se dedica a realizar \u00a0<a href=\"http:\/\/guimaraesemeireles.com.br\/2020\/publicacoes\/\">publica\u00e7\u00f5es de artigos e informes jur\u00eddicos no seu site<\/a>, al\u00e9m de postagens nas suas redes sociais (<a href=\"https:\/\/www.linkedin.com\/company\/guimar%C3%A3es-e-meireles-advogados-associados\/\">Linkedin<\/a> e <a href=\"https:\/\/www.instagram.com\/guimaraesemeireles\/\">Instagram<\/a>).<\/p>\n<p>O recebimento desses informes atrav\u00e9s de mailing \u00e9 opcional e qualquer interessado poder\u00e1 fazer essa <a href=\"http:\/\/guimaraesemeireles.com.br\/2020\/\">op\u00e7\u00e3o na p\u00e1gina principal<\/a>.<\/p>\n<h3><strong>Treinamentos e Workshops<\/strong><\/h3>\n<p>A equipe de Guimar\u00e3es &amp; Meireles est\u00e1 capacitada para realizar treinamentos e workshops relacionados a assuntos jur\u00eddicos da atua\u00e7\u00e3o do Escrit\u00f3rio, tanto de forma presencial como remota[\/vc_column_text][\/vc_column][\/vc_row]<\/p>\n","protected":false},"excerpt":{"rendered":"<p>[vc_row css=&#8221;.vc_custom_1605813821526{padding-bottom: 35px !important;}&#8221;][vc_column css=&#8221;.vc_custom_1605813844502{padding-top: 40px !important;}&#8221;][vc_column_text] O ESCRIT\u00d3RIO [\/vc_column_text][\/vc_column][\/vc_row][vc_row css=&#8221;.vc_custom_1605812062823{padding-bottom: 35px !important;background-color: #e6e7e8 !important;}&#8221;][vc_column css=&#8221;.vc_custom_1605811343742{background-color: #e6e7e8 !important;}&#8221;][vc_gallery interval=&#8221;3&#8243; images=&#8221;294,295,296,297&#8243; img_size=&#8221;929&#215;300&#8243; onclick=&#8221;&#8221;][vc_column_text css=&#8221;.vc_custom_1637339090996{padding-right: 30px !important;padding-left: 30px !important;}&#8221;] Conduta \u00c9tica \u2022 Lealdade \u2022 Responsabilidade \u2022 Confidencialidade \u2022 Transpar\u00eancia \u00c9tica, Lealdade, Confidencialidade e Responsabilidade s\u00e3o princ\u00edpios que, entre outros, norteiam a rela\u00e7\u00e3o que o escrit\u00f3rio mant\u00e9m com\u2026 <a href=\"http:\/\/guimaraesemeireles.com.br\/2020\/o-escritorio\/\">Leia mais<\/a><\/p>\n","protected":false},"author":1,"featured_media":0,"parent":0,"menu_order":0,"comment_status":"closed","ping_status":"closed","template":"","meta":[],"_links":{"self":[{"href":"http:\/\/guimaraesemeireles.com.br\/2020\/wp-json\/wp\/v2\/pages\/6"}],"collection":[{"href":"http:\/\/guimaraesemeireles.com.br\/2020\/wp-json\/wp\/v2\/pages"}],"about":[{"href":"http:\/\/guimaraesemeireles.com.br\/2020\/wp-json\/wp\/v2\/types\/page"}],"author":[{"embeddable":true,"href":"http:\/\/guimaraesemeireles.com.br\/2020\/wp-json\/wp\/v2\/users\/1"}],"replies":[{"embeddable":true,"href":"http:\/\/guimaraesemeireles.com.br\/2020\/wp-json\/wp\/v2\/comments?post=6"}],"version-history":[{"count":23,"href":"http:\/\/guimaraesemeireles.com.br\/2020\/wp-json\/wp\/v2\/pages\/6\/revisions"}],"predecessor-version":[{"id":821,"href":"http:\/\/guimaraesemeireles.com.br\/2020\/wp-json\/wp\/v2\/pages\/6\/revisions\/821"}],"wp:attachment":[{"href":"http:\/\/guimaraesemeireles.com.br\/2020\/wp-json\/wp\/v2\/media?parent=6"}],"curies":[{"name":"wp","href":"https:\/\/api.w.org\/{rel}","templated":true}]}}